on divisor of p and 48.
12
Suppose -3*x + 0*x - 54 = 0. Let c be (-310)/x - 16/72. Calculate the greatest common divisor of 34 and c.
17
Suppose 6*g + 37 = 8*g - 5*y, 4*g - 4*y = 92. What is the greatest common factor of 312 and g?
26
Suppose -2*c = 3*c - 90. Let u(o) = 247*o**2 - 13*o. Let t be u(1). Calculate the greatest common divisor of c and t.
18
Suppose -10*c - 11*c + 1008 = 0. What is the greatest common factor of 16 and c?
16
Let x(w) = -w**3 - 8*w**2 - 15*w - 10. Let a be x(-7). What is the highest common divisor of 4 and a?
2
Suppose 5*v + 3 = 8. Suppose -5 = -2*z + v. Let m be 123/9 - z/(-9). Calculate the highest common divisor of 56 and m.
14
Let j = 45 + -122. Let h be (-412)/(-14) - 44/j. What is the highest common divisor of 24 and h?
6
Let p = 31 + -22. Suppose -4*t + 69 = p. What is the highest common divisor of 6 and t?
3
Suppose 0 = -0*r + r - 50. Suppose -v - 4*q = -6, -5*q + 35 = -3*v + 7*v. Suppose 0*g - g + v = 0. Calculate the highest common factor of g and r.
10
Suppose 2*d = 4 + 2. Suppose 0 = z - d - 8. Suppose -f - f = -44. Calculate the greatest common factor of z and f.
11
Suppose -12*l + 156 = -24. What is the highest common divisor of l and 205?
5
Let q = 971 + -959. Calculate the highest common divisor of q and 28.
4
Let y = 4 - -10. Let o = y - 14. Suppose o*q = 5*q - 65. Calculate the greatest common divisor of q and 52.
13
Let v = -23 - -8. Let x = v - -38. What is the greatest common divisor of x and 23?
23
Let v(q) = q**2 + 12*q + 35. Let h be v(-8). Let w = 47 - 32. Suppose 2*r + 3*r = w. What is the highest common factor of h and r?
3
Suppose -v + 627 = 595. What is the highest common divisor of 24 and v?
8
Let t = -20 - -22. Let d(g) = 1 + 5*g - 5*g + 8*g + 0. Let f be d(t). Calculate the greatest common divisor of 187 and f.
17
Suppose 36*i + 3*i - 7293 = 0. What is the greatest common divisor of 153 and i?
17
Let d = 28 + -16. Suppose d*k = 3*s + 8*k - 540, 0 = -5*s + 5*k + 895. Calculate the greatest common divisor of s and 22.
22
Let i be 10*(-7 + 287/35). What is the highest common factor of 384 and i?
12
Suppose 5*t - 6 = -1. Suppose 0 = a - 15 - t. Let c be (4 - a)/4 + 203. What is the highest common factor of 25 and c?
25
Let i = -10 - -14. Let w(u) = -u**2 - 1 - 2 + 2 - 1 - i*u. Let s be w(-3). What is the greatest common factor of 9 and s?
1
Suppose 2*r = -r - 54. Let h be -15*(r/10)/3. Suppose 29 = -0*l + l - 4*n, 0 = l + 2*n - 53. Calculate the highest common divisor of l and h.
9
Let t(s) = -s - 5. Let a be t(-4). Let c be 10/(9/3 + a). Suppose 3*l = 2*j - 153, -j = -l + c*l - 60. Calculate the greatest common divisor of 9 and j.
9
Let s(t) = -4*t - 5. Let r(q) = 8*q + 10. Let f(v) = 3*r(v) + 5*s(v). Let y be f(18). Calculate the greatest common factor of y and 11.
11
Let i(z) = 13*z**2 - 60*z + 5. Let s be i(5). Let c be (345 + -2)*(1 + -2). Let d = 613 + c. What is the highest common divisor of d and s?
30
Let g = -60 + 75. Calculate the highest common factor of 480 and g.
15
Let i = 37 + -23. Let u(j) = 2*j - 8. Let y be u(i). Let o = 11 + -3. Calculate the highest common divisor of y and o.
4
Suppose -51 = -4*s - 15. Suppose s*m + 6*m - 270 = 0. Calculate the greatest common factor of m and 9.
9
Suppose 19*g = -231 + 9845. Let y = 67 + -21. What is the greatest common divisor of g and y?
46
Suppose -w - 2133 = -5*r + 2263, 2*r = 2*w + 1752. What is the greatest common factor of r and 80?
80
Suppose 2*l - 22 - 20 = -2*v, -3*v + 67 = 4*l. Calculate the highest common divisor of v and 1258.
17
Let h be (-8)/(-2) + (-1)/(5/(-3460)). Calculate the greatest common factor of h and 24.
24
Let c(i) = -2*i**2 - 4*i - 2. Let g be c(-1). Suppose -18*r + 5*r + 26 = g. What is the highest common divisor of 14 and r?
2
Let d = 1835 + -1451. Calculate the greatest common divisor of 144 and d.
48
Suppose 112 - 22 = -3*c. Let s = 36 + c. What is the greatest common factor of 10 and s?
2
Let v = -195 - -252. Calculate the highest common divisor of 209 and v.
19
Suppose 0*j + 14 = j. Let f be (314525/75)/23 - (-2)/(-6). What is the greatest common factor of j and f?
14
Let z be 2*(1 - 2) + 8. Suppose 24 = 12*g - 16*g. Let f be (-2)/g + 2364/36. What is the highest common factor of z and f?
6
Suppose 4*z - 50 = -6*z. Suppose z = -5*a + 45. What is the highest common divisor of 20 and a?
4
Let n = -472 - -550. Calculate the highest common factor of n and 52.
26
Let o = 147 - 32. Let a be o - 9/(1 + 2). Calculate the greatest common divisor of a and 14.
14
Let u = -888 - -965. What is the highest common divisor of u and 7?
7
Let u = 489 - 453. Calculate the greatest common divisor of u and 12.
12
Let c be (-105)/(-70) - (-2)/4. Calculate the greatest common factor of 66 and c.
2
Let s = -111 + 120. Let q = 43 - s. Calculate the greatest common divisor of q and 85.
17
Suppose 351*g + 2684 = 355*g. What is the highest common factor of g and 61?
61
Let f = -13 - -16. Let s(h) = 3*h**3 - 5*h**2 + 3*h. Let a be s(f). Let n be ((-68)/(-16) - 0) + (-3)/(-4). Calculate the greatest common factor of n and a.
5
Let w(k) be the second derivative of -k**4/12 + 8*k**3/3 + 25*k**2/2 + k. Let p be w(11). What is the highest common divisor of p and 40?
40
Suppose m - 7 = -2*b + 45, 3*b - 80 = -2*m. Suppose 0 = 5*j + 20 - 80. Calculate the greatest common divisor of j and b.
12
Suppose -12*w + 128 = -8*w. Let f = 149 - -139. What is the highest common factor of f and w?
32
Let d = 18 - 25. Let q be 65/1 + 4 + d. Suppose 0 = 3*r - q - 208. Calculate the greatest common divisor of r and 60.
30
Suppose 41*c = 7665 + 5988. What is the greatest common divisor of c and 9?
9
Suppose 0*r - r - 75 = -3*l, 0 = 2*l + r - 45. Let o be l + 6/4*-2. Let s be 98/4*((-1200)/(-28))/5. Calculate the greatest common divisor of s and o.
21
Let u be ((-1)/2)/(38/(-12) + 3). What is the greatest common divisor of 9 and u?
3
Suppose -4 = 2*r + 8. Let g(w) = -1 - 3*w + 0 - 7. Let d be g(r). What is the greatest common divisor of d and 25?
5
Let j = -1464 - -2104. Calculate the highest common divisor of 20 and j.
20
Suppose -5*b + 7 = q - 7, b = 0. Suppose -8*v + 591 - 95 = 0. Let m = v + -27. Calculate the highest common divisor of m and q.
7
Suppose -3*v = -4*v - 4. Let y be (24/(-4))/(v/(-12)). Let d be 96/y*(-3)/2. What is the highest common divisor of d and 40?
8
Let a(v) = -v**2 + 10*v + 4. Suppose 0*x - 2*x + 20 = 0. Let d be a(x). Suppose -36 - d = -5*r. What is the greatest common divisor of 88 and r?
8
Suppose -26*v + 73 = -577. Suppose -2*x + 22 + 0 = 4*k, -3*x + 23 = 4*k. Suppose 4*j - q = 44, j + k*q + 40 = 3*j. What is the highest common factor of v and j?
5
Suppose 5*j + 8 = 78. Let f(l) = 3*l - 30. Let k be f(11). Suppose -k*c = 5*c - 560. What is the highest common divisor of j and c?
14
Suppose -5*a + 23 + 17 = 0. Suppose 0 = c + h - 4, -3*c - 2*h = -11 + 3. Suppose 176 = 2*k - c*k. Calculate the greatest common factor of k and a.
8
Let h = -255 + 279. What is the highest common divisor of 132 and h?
12
Let f = -299 + 416. Calculate the highest common divisor of 156 and f.
39
Suppose 5*q = -4*a - 330, -a + 3 + 2 = 0. Let f = -64 - q. Calculate the highest common divisor of 3 and f.
3
Let u(t) = 66*t - 1. Let i be u(-1). Let x = -35 - i. What is the greatest common divisor of x and 24?
8
Let m be (-4)/(-18) - 88/(-9). Suppose j + 22 - 102 = 0. Suppose 3*d + j = 5*d. Calculate the highest common factor of m and d.
10
Suppose q - 4*w - 118 = -84, -4*w = -2*q + 52. What is the highest common factor of q and 144?
18
Suppose -2*u = 5*v - 103, 2*v - 3*u = 2*u + 18. Suppose 2*p - 24 = -3*j, 4*p = -2*j + 48 - 0. Let q = v - p. What is the greatest common factor of q and 77?
7
Let f = 354 + -189. Suppose -3*n = 3*u - 42, 5*n + 2*u = 8 + 65. Calculate the highest common divisor of f and n.
15
Suppose 5*b + u - 22 = 0, -3*b + 4*b = -5*u + 14. Calculate the greatest common divisor of 6 and b.
2
Let k be 6/((1/(-12))/(-1)). Let t be -5 - (-10)/(-1 - -6). Let c be 8 + 0*t/12. What is the highest common factor of k and c?
8
Let u(o) = -o**2 + o + 1. Let f(a) = 3*a**2 + 7*a - 2. Let s(c) = f(c) + 4*u(c). Let g be s(10). What is the highest common divisor of g and 96?
12
Let i be 2 + 19 - (-2 + 3). Suppose 3*z + 2*a = 12, 4*z = -z - 5*a + i. W